0122102 + 11?
220000212010122120
In base 5, what is -2123 + 1303?
-320
In base 3, what is 11 - 11220102111201?
-11220102111120
In base 13, what is 2 + -75863b?
-758639
In base 7, what is 25262221 - 3?
25262215
In base 2, what is 100011111000110101010001010 + -10?
100011111000110101010001000
In base 4, what is -1223131131211 + 23?
-1223131131122
In base 15, what is -3ce3 - -b0?
-3c33
In base 5, what is 241 - 22140140?
-22134344
In base 8, what is -3263 + 70724?
65441
In base 14, what is -103 + -4b1?
-5b4
In base 13, what is 2 + 685a429?
685a42b
In base 7, what is 24064 - 51?
24013
In base 9, what is -517368 + -32?
-517411
In base 8, what is -44 + -14756352?
-14756416
In base 13, what is -a7ca4 - 4?
-a7ca8
In base 3, what is 110212 + -11210?
22002
In base 3, what is -10022212 + -1200100201?
-1210200120
In base 3, what is -222011 + -1012111100?
-1020110111
In base 8, what is 10307462 - -1?
10307463
In base 9, what is 6353 - -85535?
102888
In base 15, what is -632ded - -2?
-632deb
In base 9, what is 22 - -520006?
520028
In base 7, what is 25161060204 - -3?
25161060210
In base 16, what is -a0 - -2e681?
2e5e1
In base 9, what is 41672203 + 4?
41672207
In base 16, what is -3a7 + -c01?
-fa8
In base 15, what is 47d4 - -485?
4c69
In base 4, what is -13 + -22032002120?
-22032002133
In base 11, what is 3633 + -162?
3481
In base 2, what is 101010001000000000010110011 + -110?
101010001000000000010101101
In base 10, what is -18823 - -411?
-18412
In base 8, what is 746 + 145372?
146340
In base 6, what is -2 + 243421144?
243421142
In base 2, what is -10010100000111110 - 100011111?
-10010100101011101
In base 7, what is 0 + -4101401434?
-4101401434
In base 14, what is 86 - 3d4067?
-3d3dc1
In base 3, what is 10221101012010 - -111?
10221101012121
In base 13, what is 108b + 19bb?
2a79
In base 16, what is 0 + -83a7be?
-83a7be
In base 3, what is 1011212010212222 - 100?
1011212010212122
In base 16, what is -39cc152 - 3?
-39cc155
In base 8, what is -133725 - -17142?
-114563
In base 12, what is 1662bb + -6?
1662b5
In base 2, what is 1111001101111 + 10010101000111?
100001110110110
In base 13, what is -6ab + 56ac?
5001
In base 15, what is -b7ebd - -bb?
-b7e02
In base 3, what is 2000101110220202020 + 0?
2000101110220202020
In base 12, what is 5 - 19266b3?
-19266aa
In base 5, what is -11331404 + 10233?
-11321121
In base 9, what is -25 - 4356576?
-4356612
In base 5, what is -3 - -40342142212?
40342142204
In base 5, what is 2212323020 - 10?
2212323010
In base 13, what is 2 + -524002?
-524000
In base 13, what is -5278a + -16?
-527a3
In base 2, what is -1100001011110110001 - -1010?
-1100001011110100111
In base 10, what is -776 + -5073?
-5849
In base 4, what is 3221132203 - -10300?
3221203103
In base 10, what is -62478 + 7432?
-55046
In base 12, what is -1b2393 - -37?
-1b2358
In base 8, what is 2 - -7173642?
7173644
In base 8, what is 13 - -107345727?
107345742
In base 10, what is -4008 - 65358?
-69366
In base 10, what is 4357 - -2448?
6805
In base 11, what is -29a09221 + -4?
-29a09225
In base 10, what is -5 - 17760641?
-17760646
In base 2, what is 111100000001001010 - 10100101001?
111011101100100001
In base 15, what is -24650d + 12?
-2464eb
In base 14, what is cd5 + 37db1?
38ca6
In base 13, what is -c2800 - 42?
-c2842
In base 6, what is 33 + -331544211?
-331544134
In base 5, what is -12 + -421334304?
-421334321
In base 8, what is 513 - -20423?
21136
In base 7, what is 3 + -35355436?
-35355433
In base 2, what is 11 - 1010000001111100110011?
-1010000001111100110000
In base 16, what is 13e20db - -15?
13e20f0
In base 11, what is 4090736 - 34?
4090702
In base 8, what is -43404 - -1626?
-41556
In base 15, what is 3b - -e0024?
e0060
In base 12, what is -b - -1a8602?
1a85b3
In base 13, what is 4 - 13515ba?
-13515b6
In base 13, what is -31111c14 + 3?
-31111c11
In base 7, what is -2305665424 + 5?
-2305665416
In base 8, what is -164 - 13656267?
-13656453
In base 15, what is 6b - -2ab73?
2abde
In base 8, what is 1 - 2472371353?
-2472371352
In base 13, what is -aaa - -1272?
495
In base 7, what is -4055303 - -266?
-4055004
In base 16, what is -a6 - b4a5?
-b54b
In base 8, what is -13677035 + 1?
-13677034
In base 16, what is -25 - 6ce3f?
-6ce64
In base 6, what is 5255 + 555250?
1004545
In base 10, what is -71128895 - 4?
-71128899
In base 13, what is 22 - 4c29?
-4c07
In base 2, what is 110101110 + 1011100111?
10010010101
In base 4, what is 20103 + 11330101?
12010210
In base 9, what is 201 + -73703?
-73502
In base 11, what is -17 + 19a779?
19a762
In base 3, what is -1122222211 + -22120010?
-1222112221
In base 11, what is -6993389 - -15?
-6993374
In base 2, what is -101100100110011011 + 1110101101?
-101100010111101110
In base 16, what is a001d - 39?
9ffe4
In base 10, what is -97366251 - 5?
-97366256
In base 11, what is -28 - -2407138?
2407110
In base 2, what is -101 + -1000011001000000110100000?
-1000011001000000110100101
In base 7, what is 4 - 5352103?
-5352066
In base 9, what is -133 - 78130?
-78263
In base 10, what is 59 - 6431222?
-6431163
In base 14, what is -1ca76 - -1c9?
-1c88b
In base 8, what is 4 - 45767165?
-45767161
In base 10, what is -2208208 + 11?
-2208197
In base 3, what is 12 - -22122220001011?
22122220001100
In base 14, what is 3239 - 32d6?
-9b
In base 7, what is -141 - -666340?
666166
In base 5, what is -33200 - 1203?
-34403
In base 16, what is 1d4144a6 - -2?
1d4144a8
In base 13, what is 1709ac0 - 4?
1709ab9
In base 15, what is 18843302 + -4?
188432ed
In base 4, what is 3300 + -2132301233?
-2132231333
In base 2, what is 1101001110000001110111 + -110001?
1101001110000001000110
In base 15, what is -2c + 1aa9d?
1aa71
In base 8, what is -15 + 15153600?
15153563
In base 2, what is -1101101110000001110 + -111000100010?
-1101110101000110000
In base 7, what is -4 - -243125411?
243125404
In base 4, what is 221 + 101110212223?
101110213110
In base 7, what is -10404 + -14622?
-25326
In base 2, what is -10 + -11000101001000001110110?
-11000101001000001111000
In base 10, what is 9154 + 11917?
21071
In base 15, what is 8ee514 - 2?
8ee512
In base 16, what is -6532 + 654?
-5ede
In base 9, what is -623 - -15324?
14601
In base 9, what is 3611387 - 7?
3611380
In base 11, what is -26044 + 136?
-25a09
In base 10, what is -2421650 - -2?
-2421648
In base 3, what is 1011110101112000201 + 10?
1011110101112000211
In base 5, what is -1100413 - -132?
-1100231
In base 11, what is -116531 - -2?
-11652a
In base 15, what is -c1273a + 4?
-c12736
In base 9, what is 385185 - -135?
385331
In base 7, what is -2 - -562635453?
562635451
In base 5, what is 404132421 - -4?
404132430
In base 5, what is -210333134 + -4?
-210333143
In base 14, what is 5 + 2d734?
2d739
In base 9, what is -3 + -826256?
-826260
In base 14, what is -439 - 29db?
-3036
In base 10, what is -27 - -3385304?
3385277
In base 14, what is -68a - -7a5?
119
In base 8, what is 14 + 5516032?
5516046
In base 15, what is d - -378?
386
In base 14, what is 2d46 - 3b05?
-b9d
In base 10, what is 127 - -4031754?
4031881
In base 12, what is -a40 + 861b7?
85377
In base 2, what is -10100011100111000011 - 1001001?
-10100011101000001100
In base 7, what is -43465 - 44314?
-121112
In base 3, what is -12 - 210011200?
-210011212
In base 5, what is -10344412 - 14000?
-10413412
In base 9, what is 43084 + -61?
43023
In base 8, what is -4 - 10027462?
-10027466
In base 5, what is 4212300303 + -4?
4212300244
In base 12, what is -a64720 + -6?
-a64726
In base 3, what is 1211200020 - -1200?
1211201220
In base 16, what is -66d991 - -4?
-66d98d
In base 2, what is -111101110001110 + -10001101001010?
-1001111011011000
In base 16, what is 3 + -29d8abf?
-29d8abc
In base 13, what is -138 - -2547?
240c
In base 5, what is -232 + 133240142?
133234410
In base 15, what is 2 + -d53eadb?
-d53ead9
In base 12, what is b53 - 32094?
-31141
In base 7, what is -43620663 - 13?
-43621006
In base 9, what is -402215432 + -5?
-402215437
In base 7, what is -132503 - 61322?
-224125
In base 12, what is -3 + 727303?
727300
In base 13, what is -6a31b - ca?
-6a418
In base 16, what is -889 - 744db?
-74d64
In base 15, what is -37627 - 2e?
-37656
In base 16, what is 20 + 5a75dc?
5a75fc
In base 7, what is -12144400 - 3?
-12144403
In base 2, what is -111101100100011011000101000 + 10?
-11110110010001101100010011